{"id":9,"date":"2013-06-14T13:31:18","date_gmt":"2013-06-14T11:31:18","guid":{"rendered":"http:\/\/ulrich-gebbers.de\/?page_id=9"},"modified":"2024-04-21T10:13:13","modified_gmt":"2024-04-21T08:13:13","slug":"e-u-gebbers","status":"publish","type":"page","link":"https:\/\/ulrich-gebbers.de\/?page_id=9","title":{"rendered":"EU Gebbers"},"content":{"rendered":"<figure id=\"attachment_27\" aria-describedby=\"caption-attachment-27\" style=\"width: 246px\" class=\"wp-caption alignleft\"><a href=\"http:\/\/ulrich-gebbers.de\/wp-content\/uploads\/2013\/06\/im-Atelier.jpg\" rel=\"lightbox[9]\"><img loading=\"lazy\" decoding=\"async\" class=\"size-medium wp-image-27 \" src=\"http:\/\/ulrich-gebbers.de\/wp-content\/uploads\/2013\/06\/im-Atelier-225x300.jpg\" alt=\"im Atelier\" width=\"246\" height=\"327\" srcset=\"https:\/\/ulrich-gebbers.de\/wp-content\/uploads\/2013\/06\/im-Atelier-225x300.jpg 225w, https:\/\/ulrich-gebbers.de\/wp-content\/uploads\/2013\/06\/im-Atelier.jpg 525w\" sizes=\"auto, (max-width: 246px) 100vw, 246px\" \/><\/a><figcaption id=\"caption-attachment-27\" class=\"wp-caption-text\">im Atelier 2011<\/figcaption><\/figure>\n<p><span style=\"color: #3366ff;\">Ernst Ulrich Gebbers<\/span><\/p>\n<p><span style=\"color: #3366ff;\">geboren am 05.09.1948 in Karlsruhe<\/span><\/p>\n<p><span style=\"color: #3366ff;\">Schulausbildung in Bonn, dort Abitur 1968<\/span><\/p>\n<p><span style=\"color: #3366ff;\">Studium an der Staatlichen Kunstakademie in D\u00fcsseldorf bei <a href=\"http:\/\/www.ko-g\u00f6tz.de\/index.html\" target=\"_blank\" rel=\"noopener\"><span style=\"color: #3366ff;\">Prof.&nbsp;K.O.G\u00f6tz<\/span><\/a><\/span><\/p>\n<p><span style=\"color: #3366ff;\">Ernennung zum Meistersch\u00fcler<\/span><\/p>\n<p><span style=\"color: #3366ff;\">Erstes Staatsexamen 1975 in Kunstp\u00e4dagogik<\/span><\/p>\n<p><span style=\"color: #3366ff;\">Studium der Freien Kunst bis 1977<\/span><\/p>\n<p><span style=\"color: #3366ff;\">1977 Zweites Staatsexamen f\u00fcr das Lehramt an Gymnasien<\/span><\/p>\n<p><span style=\"color: #3366ff;\">1977 &#8211; 2014 Kunsterzieher an der Bisch\u00f6flichen Marienschule in M\u00fcnster<\/span><\/p>\n<p><span style=\"color: #3366ff;\">von 1985 bis 2005 Lehrauftrag an der Staatlichen Kunstakademie in M\u00fcnster<\/span><\/p>\n<p><span style=\"color: #3366ff;\">seit 2011 Atelier auf dem Biohof Borghoff in M\u00fcnster<\/span><\/p>\n<p><span style=\"color: #3366ff;\">verheiratet mit der K\u00fcnstlerin <a href=\"http:\/\/www.margarete-gebbers.de\" target=\"_blank\" rel=\"noopener\"><span style=\"color: #3366ff;\">Margarete Gebbers<\/span><\/a><\/span><\/p>\n<p>2016 &#8222;Fogd\u00f6&#8220;, Kunstraum3 Lengerich<\/p>\n<p>2016 &#8222;Genesis&#8220;, alte Synagoge Drensteinfurt<\/p>\n<p>2024 &#8222;VIEL-MEER&#8220;, Stadtwerke M\u00fcnster<\/p>\n","protected":false},"excerpt":{"rendered":"<p>Ernst Ulrich Gebbers geboren am 05.09.1948 in Karlsruhe Schulausbildung in Bonn, dort Abitur 1968 Studium an der Staatlichen Kunstakademie in D\u00fcsseldorf bei Prof.&nbsp;K.O.G\u00f6tz Ernennung zum Meistersch\u00fcler Erstes Staatsexamen 1975 in Kunstp\u00e4dagogik Studium der Freien Kunst [&hellip;]<\/p>\n","protected":false},"author":1,"featured_media":0,"parent":0,"menu_order":4,"comment_status":"closed","ping_status":"open","template":"","meta":{"ngg_post_thumbnail":0,"footnotes":""},"class_list":["post-9","page","type-page","status-publish","hentry"],"_links":{"self":[{"href":"https:\/\/ulrich-gebbers.de\/index.php?rest_route=\/wp\/v2\/pages\/9","targetHints":{"allow":["GET"]}}],"collection":[{"href":"https:\/\/ulrich-gebbers.de\/index.php?rest_route=\/wp\/v2\/pages"}],"about":[{"href":"https:\/\/ulrich-gebbers.de\/index.php?rest_route=\/wp\/v2\/types\/page"}],"author":[{"embeddable":true,"href":"https:\/\/ulrich-gebbers.de\/index.php?rest_route=\/wp\/v2\/users\/1"}],"replies":[{"embeddable":true,"href":"https:\/\/ulrich-gebbers.de\/index.php?rest_route=%2Fwp%2Fv2%2Fcomments&post=9"}],"version-history":[{"count":27,"href":"https:\/\/ulrich-gebbers.de\/index.php?rest_route=\/wp\/v2\/pages\/9\/revisions"}],"predecessor-version":[{"id":888,"href":"https:\/\/ulrich-gebbers.de\/index.php?rest_route=\/wp\/v2\/pages\/9\/revisions\/888"}],"wp:attachment":[{"href":"https:\/\/ulrich-gebbers.de\/index.php?rest_route=%2Fwp%2Fv2%2Fmedia&parent=9"}],"curies":[{"name":"wp","href":"https:\/\/api.w.org\/{rel}","templated":true}]}}